{"id":4186,"date":"2022-04-18T05:03:23","date_gmt":"2022-04-18T05:03:23","guid":{"rendered":"https:\/\/elements.hr\/shop\/?post_type=product&#038;p=4186"},"modified":"2022-12-11T14:19:10","modified_gmt":"2022-12-11T14:19:10","slug":"adobe-stock-medium","status":"publish","type":"product","link":"https:\/\/elements.hr\/shop\/proizvod\/adobe-stock-medium\/","title":{"rendered":"Adobe Stock 40"},"content":{"rendered":"<h1>Adobe Stock 40<\/h1>\n<p>\u0160to je jedan od naj\u010de\u0161\u0107ih izazova s kojima se susre\u0107u kreativni odjeli? Prona\u0107i savr\u0161enu fotografiju ili video s kojima \u017eele prenijeti poruku. Adobe Stock omogu\u0107uje upravo to. Pristup milijunima vrhunskih fotografija i video materijala integriranih s va\u0161im Creative Cloud aplikacijama.<\/p>\n<p>Adobe Stock 40 fotografija mjese\u010dno dolazi u ovom paketu. Neiskori\u0161tene fotografije je mogu\u0107e prenositi u sljede\u0107i mjesec \u0161to zna\u010di da ukupno imate 480 fotografija godi\u0161nje.<\/p>\n","protected":false},"excerpt":{"rendered":"<p>Adobe Stock 40 \u0160to je jedan od naj\u010de\u0161\u0107ih izazova s kojima se susre\u0107u kreativni odjeli? Prona\u0107i savr\u0161enu fotografiju ili video s kojima \u017eele prenijeti poruku. Adobe Stock omogu\u0107uje upravo to. Pristup milijunima vrhunskih fotografija i video materijala integriranih s va\u0161im Creative Cloud aplikacijama. Adobe Stock 40 fotografija mjese\u010dno dolazi u ovom paketu. Neiskori\u0161tene fotografije je [&hellip;]<\/p>\n","protected":false},"featured_media":4217,"template":"","meta":[],"product_cat":[31,20],"product_tag":[],"class_list":["post-4186","product","type-product","status-publish","has-post-thumbnail","hentry","product_cat-adobe-stock","product_cat-adobe"],"yoast_head":"<!-- This site is optimized with the Yoast SEO plugin v18.6 - https:\/\/yoast.com\/wordpress\/plugins\/seo\/ -->\n<title>Adobe Stock 40 - Elements Digital Shop<\/title>\n<meta name=\"description\" content=\"Adobe Stock 40 fotografija mjese\u010dno, a neiskori\u0161tene fotografije prenesite u sljede\u0107i mjesec (ukupno imate 480 fotografija godi\u0161nje).\" \/>\n<meta name=\"robots\" content=\"index, follow, max-snippet:-1, max-image-preview:large, max-video-preview:-1\" \/>\n<link rel=\"canonical\" href=\"https:\/\/elements.hr\/shop\/proizvod\/adobe-stock-medium\/\" \/>\n<meta property=\"og:locale\" content=\"hr_HR\" \/>\n<meta property=\"og:type\" content=\"article\" \/>\n<meta property=\"og:title\" content=\"Adobe Stock 40 - Elements Digital Shop\" \/>\n<meta property=\"og:description\" content=\"Adobe Stock 40 fotografija mjese\u010dno, a neiskori\u0161tene fotografije prenesite u sljede\u0107i mjesec (ukupno imate 480 fotografija godi\u0161nje).\" \/>\n<meta property=\"og:url\" content=\"https:\/\/elements.hr\/shop\/proizvod\/adobe-stock-medium\/\" \/>\n<meta property=\"og:site_name\" content=\"Elements Digital Shop\" \/>\n<meta property=\"article:modified_time\" content=\"2022-12-11T14:19:10+00:00\" \/>\n<meta property=\"og:image\" content=\"https:\/\/elements.hr\/shop\/wp-content\/uploads\/2022\/04\/stock-40.png\" \/>\n\t<meta property=\"og:image:width\" content=\"350\" \/>\n\t<meta property=\"og:image:height\" content=\"350\" \/>\n\t<meta property=\"og:image:type\" content=\"image\/png\" \/>\n<meta name=\"twitter:card\" content=\"summary_large_image\" \/>\n<meta name=\"twitter:label1\" content=\"Procijenjeno vrijeme \u010ditanja\" \/>\n\t<meta name=\"twitter:data1\" content=\"1 minuta\" \/>\n<script type=\"application\/ld+json\" class=\"yoast-schema-graph\">{\"@context\":\"https:\/\/schema.org\",\"@graph\":[{\"@type\":\"Organization\",\"@id\":\"https:\/\/elements.hr\/shop\/#organization\",\"name\":\"Elements Digital d.o.o.\",\"url\":\"https:\/\/elements.hr\/shop\/\",\"sameAs\":[],\"logo\":{\"@type\":\"ImageObject\",\"@id\":\"https:\/\/elements.hr\/shop\/#logo\",\"inLanguage\":\"hr\",\"url\":\"https:\/\/elements.hr\/shop\/wp-content\/uploads\/2022\/04\/logo-header.png\",\"contentUrl\":\"https:\/\/elements.hr\/shop\/wp-content\/uploads\/2022\/04\/logo-header.png\",\"width\":1241,\"height\":295,\"caption\":\"Elements Digital d.o.o.\"},\"image\":{\"@id\":\"https:\/\/elements.hr\/shop\/#logo\"}},{\"@type\":\"WebSite\",\"@id\":\"https:\/\/elements.hr\/shop\/#website\",\"url\":\"https:\/\/elements.hr\/shop\/\",\"name\":\"Elements Digital Shop\",\"description\":\"Elements Digital Shop\",\"publisher\":{\"@id\":\"https:\/\/elements.hr\/shop\/#organization\"},\"potentialAction\":[{\"@type\":\"SearchAction\",\"target\":{\"@type\":\"EntryPoint\",\"urlTemplate\":\"https:\/\/elements.hr\/shop\/?s={search_term_string}\"},\"query-input\":\"required name=search_term_string\"}],\"inLanguage\":\"hr\"},{\"@type\":\"ImageObject\",\"@id\":\"https:\/\/elements.hr\/shop\/proizvod\/adobe-stock-medium\/#primaryimage\",\"inLanguage\":\"hr\",\"url\":\"https:\/\/elements.hr\/shop\/wp-content\/uploads\/2022\/04\/stock-40.png\",\"contentUrl\":\"https:\/\/elements.hr\/shop\/wp-content\/uploads\/2022\/04\/stock-40.png\",\"width\":350,\"height\":350,\"caption\":\"adobe stock 40\"},{\"@type\":\"WebPage\",\"@id\":\"https:\/\/elements.hr\/shop\/proizvod\/adobe-stock-medium\/#webpage\",\"url\":\"https:\/\/elements.hr\/shop\/proizvod\/adobe-stock-medium\/\",\"name\":\"Adobe Stock 40 - Elements Digital Shop\",\"isPartOf\":{\"@id\":\"https:\/\/elements.hr\/shop\/#website\"},\"primaryImageOfPage\":{\"@id\":\"https:\/\/elements.hr\/shop\/proizvod\/adobe-stock-medium\/#primaryimage\"},\"datePublished\":\"2022-04-18T05:03:23+00:00\",\"dateModified\":\"2022-12-11T14:19:10+00:00\",\"description\":\"Adobe Stock 40 fotografija mjese\u010dno, a neiskori\u0161tene fotografije prenesite u sljede\u0107i mjesec (ukupno imate 480 fotografija godi\u0161nje).\",\"breadcrumb\":{\"@id\":\"https:\/\/elements.hr\/shop\/proizvod\/adobe-stock-medium\/#breadcrumb\"},\"inLanguage\":\"hr\",\"potentialAction\":[{\"@type\":\"ReadAction\",\"target\":[\"https:\/\/elements.hr\/shop\/proizvod\/adobe-stock-medium\/\"]}]},{\"@type\":\"BreadcrumbList\",\"@id\":\"https:\/\/elements.hr\/shop\/proizvod\/adobe-stock-medium\/#breadcrumb\",\"itemListElement\":[{\"@type\":\"ListItem\",\"position\":1,\"name\":\"Home\",\"item\":\"https:\/\/elements.hr\/shop\/\"},{\"@type\":\"ListItem\",\"position\":2,\"name\":\"Shop\",\"item\":\"https:\/\/elements.hr\/shop\/shop\/\"},{\"@type\":\"ListItem\",\"position\":3,\"name\":\"Adobe Stock 40\"}]}]}<\/script>\n<!-- \/ Yoast SEO plugin. -->","yoast_head_json":{"title":"Adobe Stock 40 - Elements Digital Shop","description":"Adobe Stock 40 fotografija mjese\u010dno, a neiskori\u0161tene fotografije prenesite u sljede\u0107i mjesec (ukupno imate 480 fotografija godi\u0161nje).","robots":{"index":"index","follow":"follow","max-snippet":"max-snippet:-1","max-image-preview":"max-image-preview:large","max-video-preview":"max-video-preview:-1"},"canonical":"https:\/\/elements.hr\/shop\/proizvod\/adobe-stock-medium\/","og_locale":"hr_HR","og_type":"article","og_title":"Adobe Stock 40 - Elements Digital Shop","og_description":"Adobe Stock 40 fotografija mjese\u010dno, a neiskori\u0161tene fotografije prenesite u sljede\u0107i mjesec (ukupno imate 480 fotografija godi\u0161nje).","og_url":"https:\/\/elements.hr\/shop\/proizvod\/adobe-stock-medium\/","og_site_name":"Elements Digital Shop","article_modified_time":"2022-12-11T14:19:10+00:00","og_image":[{"width":350,"height":350,"url":"https:\/\/elements.hr\/shop\/wp-content\/uploads\/2022\/04\/stock-40.png","type":"image\/png"}],"twitter_card":"summary_large_image","twitter_misc":{"Procijenjeno vrijeme \u010ditanja":"1 minuta"},"schema":{"@context":"https:\/\/schema.org","@graph":[{"@type":"Organization","@id":"https:\/\/elements.hr\/shop\/#organization","name":"Elements Digital d.o.o.","url":"https:\/\/elements.hr\/shop\/","sameAs":[],"logo":{"@type":"ImageObject","@id":"https:\/\/elements.hr\/shop\/#logo","inLanguage":"hr","url":"https:\/\/elements.hr\/shop\/wp-content\/uploads\/2022\/04\/logo-header.png","contentUrl":"https:\/\/elements.hr\/shop\/wp-content\/uploads\/2022\/04\/logo-header.png","width":1241,"height":295,"caption":"Elements Digital d.o.o."},"image":{"@id":"https:\/\/elements.hr\/shop\/#logo"}},{"@type":"WebSite","@id":"https:\/\/elements.hr\/shop\/#website","url":"https:\/\/elements.hr\/shop\/","name":"Elements Digital Shop","description":"Elements Digital Shop","publisher":{"@id":"https:\/\/elements.hr\/shop\/#organization"},"potentialAction":[{"@type":"SearchAction","target":{"@type":"EntryPoint","urlTemplate":"https:\/\/elements.hr\/shop\/?s={search_term_string}"},"query-input":"required name=search_term_string"}],"inLanguage":"hr"},{"@type":"ImageObject","@id":"https:\/\/elements.hr\/shop\/proizvod\/adobe-stock-medium\/#primaryimage","inLanguage":"hr","url":"https:\/\/elements.hr\/shop\/wp-content\/uploads\/2022\/04\/stock-40.png","contentUrl":"https:\/\/elements.hr\/shop\/wp-content\/uploads\/2022\/04\/stock-40.png","width":350,"height":350,"caption":"adobe stock 40"},{"@type":"WebPage","@id":"https:\/\/elements.hr\/shop\/proizvod\/adobe-stock-medium\/#webpage","url":"https:\/\/elements.hr\/shop\/proizvod\/adobe-stock-medium\/","name":"Adobe Stock 40 - Elements Digital Shop","isPartOf":{"@id":"https:\/\/elements.hr\/shop\/#website"},"primaryImageOfPage":{"@id":"https:\/\/elements.hr\/shop\/proizvod\/adobe-stock-medium\/#primaryimage"},"datePublished":"2022-04-18T05:03:23+00:00","dateModified":"2022-12-11T14:19:10+00:00","description":"Adobe Stock 40 fotografija mjese\u010dno, a neiskori\u0161tene fotografije prenesite u sljede\u0107i mjesec (ukupno imate 480 fotografija godi\u0161nje).","breadcrumb":{"@id":"https:\/\/elements.hr\/shop\/proizvod\/adobe-stock-medium\/#breadcrumb"},"inLanguage":"hr","potentialAction":[{"@type":"ReadAction","target":["https:\/\/elements.hr\/shop\/proizvod\/adobe-stock-medium\/"]}]},{"@type":"BreadcrumbList","@id":"https:\/\/elements.hr\/shop\/proizvod\/adobe-stock-medium\/#breadcrumb","itemListElement":[{"@type":"ListItem","position":1,"name":"Home","item":"https:\/\/elements.hr\/shop\/"},{"@type":"ListItem","position":2,"name":"Shop","item":"https:\/\/elements.hr\/shop\/shop\/"},{"@type":"ListItem","position":3,"name":"Adobe Stock 40"}]}]}},"_links":{"self":[{"href":"https:\/\/elements.hr\/shop\/wp-json\/wp\/v2\/product\/4186","targetHints":{"allow":["GET"]}}],"collection":[{"href":"https:\/\/elements.hr\/shop\/wp-json\/wp\/v2\/product"}],"about":[{"href":"https:\/\/elements.hr\/shop\/wp-json\/wp\/v2\/types\/product"}],"wp:featuredmedia":[{"embeddable":true,"href":"https:\/\/elements.hr\/shop\/wp-json\/wp\/v2\/media\/4217"}],"wp:attachment":[{"href":"https:\/\/elements.hr\/shop\/wp-json\/wp\/v2\/media?parent=4186"}],"wp:term":[{"taxonomy":"product_cat","embeddable":true,"href":"https:\/\/elements.hr\/shop\/wp-json\/wp\/v2\/product_cat?post=4186"},{"taxonomy":"product_tag","embeddable":true,"href":"https:\/\/elements.hr\/shop\/wp-json\/wp\/v2\/product_tag?post=4186"}],"curies":[{"name":"wp","href":"https:\/\/api.w.org\/{rel}","templated":true}]}}