{"id":50,"date":"2019-08-14T21:45:46","date_gmt":"2019-08-14T21:45:46","guid":{"rendered":"https:\/\/elements.hr\/shop\/?post_type=product&#038;p=50"},"modified":"2023-11-04T06:50:42","modified_gmt":"2023-11-04T06:50:42","slug":"adobe-illustrator","status":"publish","type":"product","link":"https:\/\/elements.hr\/shop\/proizvod\/adobe-illustrator\/","title":{"rendered":"Adobe Illustrator"},"content":{"rendered":"<h1><img loading=\"lazy\" decoding=\"async\" class=\"size-full wp-image-4381 alignleft\" src=\"https:\/\/elements.hr\/shop\/wp-content\/uploads\/2022\/12\/adobe-illustrator.png\" alt=\"\" width=\"450\" height=\"640\" srcset=\"https:\/\/elements.hr\/shop\/wp-content\/uploads\/2022\/12\/adobe-illustrator.png 450w, https:\/\/elements.hr\/shop\/wp-content\/uploads\/2022\/12\/adobe-illustrator-211x300.png 211w, https:\/\/elements.hr\/shop\/wp-content\/uploads\/2022\/12\/adobe-illustrator-416x592.png 416w\" sizes=\"auto, (max-width: 450px) 100vw, 450px\" \/>Adobe Illustrator<\/h1>\n<p>Krenite novim pravcem kroz kori\u0161tenje klju\u010dnih vektorskih alata<\/p>\n<p>Kreirajte vrhunske ilustracije koriste\u0107i napredne vektorske alate, tipografiju i precizno crtanje. Radite brzo i intuitivno \u0161to god po\u017eelite, od kreiranja branda i marketin\u0161kih materijala, do grafika za web i video. Illustrator CC dolazi kao Cloud aplikacija, \u0161to vam omogu\u0107uje sinkronizaciju tema, radnih povr\u0161ina i projekata u samo nekoliko klikova. Nova verzija nudi jo\u0161 bolje performanse od svojih prethodnika te \u010ditav niz novih i unaprije\u0111enih alata. Samo neki od njih su Live Corners s kojim jednostavno i intuitivno mo\u017eete oblikovati uglove oblika, Pencil tool za precizno crtanje poteza, Typekit integration koji omogu\u0107uje odabir izme\u0111u vi\u0161e od 700 fontova i sinkronizaciju s va\u0161im ra\u010dunalom, Image Tracing Engine, Pattern Creation i Gradient Strokes, kao i SVG export updates, koji vam omogu\u0107uje izvoz SVG datoteka prilagodljivih razli\u010ditim veli\u010dinama ekrana i rezolucijama.<\/p>\n<p><strong>Napomena:<\/strong>\u00a0Licenca Adobe softvera namijenjena je za jednog korisnika unutar tvrtke, te je potrebno kupiti onoliko licenci koliko je korisnika. Licenca se mo\u017ee instalirati na do dva ra\u010dunala istog korisnika, ali se ne smije koristiti istovremeno.<\/p>\n","protected":false},"excerpt":{"rendered":"<p>Adobe Illustrator Krenite novim pravcem kroz kori\u0161tenje klju\u010dnih vektorskih alata Kreirajte vrhunske ilustracije koriste\u0107i napredne vektorske alate, tipografiju i precizno crtanje. Radite brzo i intuitivno \u0161to god po\u017eelite, od kreiranja branda i marketin\u0161kih materijala, do grafika za web i video. Illustrator CC dolazi kao Cloud aplikacija, \u0161to vam omogu\u0107uje sinkronizaciju tema, radnih povr\u0161ina i projekata [&hellip;]<\/p>\n","protected":false},"featured_media":4349,"template":"","meta":[],"product_cat":[32,20],"product_tag":[],"class_list":["post-50","product","type-product","status-publish","has-post-thumbnail","hentry","product_cat-adobe-design","product_cat-adobe"],"yoast_head":"<!-- This site is optimized with the Yoast SEO plugin v18.6 - https:\/\/yoast.com\/wordpress\/plugins\/seo\/ -->\n<title>Adobe Illustrator - 472 EUR\/godi\u0161nje - Elements Digital Shop<\/title>\n<meta name=\"description\" content=\"Uz Illustrator kreirajte vrhunske ilustracije, tipografiju, od loga i marketin\u0161kih materijala, do grafika za web i video.\" \/>\n<meta name=\"robots\" content=\"index, follow, max-snippet:-1, max-image-preview:large, max-video-preview:-1\" \/>\n<link rel=\"canonical\" href=\"https:\/\/elements.hr\/shop\/proizvod\/adobe-illustrator\/\" \/>\n<meta property=\"og:locale\" content=\"hr_HR\" \/>\n<meta property=\"og:type\" content=\"article\" \/>\n<meta property=\"og:title\" content=\"Adobe Illustrator - 472 EUR\/godi\u0161nje - Elements Digital Shop\" \/>\n<meta property=\"og:description\" content=\"Uz Illustrator kreirajte vrhunske ilustracije, tipografiju, od loga i marketin\u0161kih materijala, do grafika za web i video.\" \/>\n<meta property=\"og:url\" content=\"https:\/\/elements.hr\/shop\/proizvod\/adobe-illustrator\/\" \/>\n<meta property=\"og:site_name\" content=\"Elements Digital Shop\" \/>\n<meta property=\"article:modified_time\" content=\"2023-11-04T06:50:42+00:00\" \/>\n<meta property=\"og:image\" content=\"https:\/\/elements.hr\/shop\/wp-content\/uploads\/2022\/12\/adobe-2023-illustrator.png\" \/>\n\t<meta property=\"og:image:width\" content=\"500\" \/>\n\t<meta property=\"og:image:height\" content=\"500\" \/>\n\t<meta property=\"og:image:type\" content=\"image\/png\" \/>\n<meta name=\"twitter:card\" content=\"summary_large_image\" \/>\n<meta name=\"twitter:label1\" content=\"Procijenjeno vrijeme \u010ditanja\" \/>\n\t<meta name=\"twitter:data1\" content=\"1 minuta\" \/>\n<script type=\"application\/ld+json\" class=\"yoast-schema-graph\">{\"@context\":\"https:\/\/schema.org\",\"@graph\":[{\"@type\":\"Organization\",\"@id\":\"https:\/\/elements.hr\/shop\/#organization\",\"name\":\"Elements Digital d.o.o.\",\"url\":\"https:\/\/elements.hr\/shop\/\",\"sameAs\":[],\"logo\":{\"@type\":\"ImageObject\",\"@id\":\"https:\/\/elements.hr\/shop\/#logo\",\"inLanguage\":\"hr\",\"url\":\"https:\/\/elements.hr\/shop\/wp-content\/uploads\/2022\/04\/logo-header.png\",\"contentUrl\":\"https:\/\/elements.hr\/shop\/wp-content\/uploads\/2022\/04\/logo-header.png\",\"width\":1241,\"height\":295,\"caption\":\"Elements Digital d.o.o.\"},\"image\":{\"@id\":\"https:\/\/elements.hr\/shop\/#logo\"}},{\"@type\":\"WebSite\",\"@id\":\"https:\/\/elements.hr\/shop\/#website\",\"url\":\"https:\/\/elements.hr\/shop\/\",\"name\":\"Elements Digital Shop\",\"description\":\"Elements Digital Shop\",\"publisher\":{\"@id\":\"https:\/\/elements.hr\/shop\/#organization\"},\"potentialAction\":[{\"@type\":\"SearchAction\",\"target\":{\"@type\":\"EntryPoint\",\"urlTemplate\":\"https:\/\/elements.hr\/shop\/?s={search_term_string}\"},\"query-input\":\"required name=search_term_string\"}],\"inLanguage\":\"hr\"},{\"@type\":\"ImageObject\",\"@id\":\"https:\/\/elements.hr\/shop\/proizvod\/adobe-illustrator\/#primaryimage\",\"inLanguage\":\"hr\",\"url\":\"https:\/\/elements.hr\/shop\/wp-content\/uploads\/2022\/12\/adobe-2023-illustrator.png\",\"contentUrl\":\"https:\/\/elements.hr\/shop\/wp-content\/uploads\/2022\/12\/adobe-2023-illustrator.png\",\"width\":500,\"height\":500},{\"@type\":\"WebPage\",\"@id\":\"https:\/\/elements.hr\/shop\/proizvod\/adobe-illustrator\/#webpage\",\"url\":\"https:\/\/elements.hr\/shop\/proizvod\/adobe-illustrator\/\",\"name\":\"Adobe Illustrator - 472 EUR\/godi\u0161nje - Elements Digital Shop\",\"isPartOf\":{\"@id\":\"https:\/\/elements.hr\/shop\/#website\"},\"primaryImageOfPage\":{\"@id\":\"https:\/\/elements.hr\/shop\/proizvod\/adobe-illustrator\/#primaryimage\"},\"datePublished\":\"2019-08-14T21:45:46+00:00\",\"dateModified\":\"2023-11-04T06:50:42+00:00\",\"description\":\"Uz Illustrator kreirajte vrhunske ilustracije, tipografiju, od loga i marketin\u0161kih materijala, do grafika za web i video.\",\"breadcrumb\":{\"@id\":\"https:\/\/elements.hr\/shop\/proizvod\/adobe-illustrator\/#breadcrumb\"},\"inLanguage\":\"hr\",\"potentialAction\":[{\"@type\":\"ReadAction\",\"target\":[\"https:\/\/elements.hr\/shop\/proizvod\/adobe-illustrator\/\"]}]},{\"@type\":\"BreadcrumbList\",\"@id\":\"https:\/\/elements.hr\/shop\/proizvod\/adobe-illustrator\/#breadcrumb\",\"itemListElement\":[{\"@type\":\"ListItem\",\"position\":1,\"name\":\"Home\",\"item\":\"https:\/\/elements.hr\/shop\/\"},{\"@type\":\"ListItem\",\"position\":2,\"name\":\"Shop\",\"item\":\"https:\/\/elements.hr\/shop\/shop\/\"},{\"@type\":\"ListItem\",\"position\":3,\"name\":\"Adobe Illustrator\"}]}]}<\/script>\n<!-- \/ Yoast SEO plugin. -->","yoast_head_json":{"title":"Adobe Illustrator - 472 EUR\/godi\u0161nje - Elements Digital Shop","description":"Uz Illustrator kreirajte vrhunske ilustracije, tipografiju, od loga i marketin\u0161kih materijala, do grafika za web i video.","robots":{"index":"index","follow":"follow","max-snippet":"max-snippet:-1","max-image-preview":"max-image-preview:large","max-video-preview":"max-video-preview:-1"},"canonical":"https:\/\/elements.hr\/shop\/proizvod\/adobe-illustrator\/","og_locale":"hr_HR","og_type":"article","og_title":"Adobe Illustrator - 472 EUR\/godi\u0161nje - Elements Digital Shop","og_description":"Uz Illustrator kreirajte vrhunske ilustracije, tipografiju, od loga i marketin\u0161kih materijala, do grafika za web i video.","og_url":"https:\/\/elements.hr\/shop\/proizvod\/adobe-illustrator\/","og_site_name":"Elements Digital Shop","article_modified_time":"2023-11-04T06:50:42+00:00","og_image":[{"width":500,"height":500,"url":"https:\/\/elements.hr\/shop\/wp-content\/uploads\/2022\/12\/adobe-2023-illustrator.png","type":"image\/png"}],"twitter_card":"summary_large_image","twitter_misc":{"Procijenjeno vrijeme \u010ditanja":"1 minuta"},"schema":{"@context":"https:\/\/schema.org","@graph":[{"@type":"Organization","@id":"https:\/\/elements.hr\/shop\/#organization","name":"Elements Digital d.o.o.","url":"https:\/\/elements.hr\/shop\/","sameAs":[],"logo":{"@type":"ImageObject","@id":"https:\/\/elements.hr\/shop\/#logo","inLanguage":"hr","url":"https:\/\/elements.hr\/shop\/wp-content\/uploads\/2022\/04\/logo-header.png","contentUrl":"https:\/\/elements.hr\/shop\/wp-content\/uploads\/2022\/04\/logo-header.png","width":1241,"height":295,"caption":"Elements Digital d.o.o."},"image":{"@id":"https:\/\/elements.hr\/shop\/#logo"}},{"@type":"WebSite","@id":"https:\/\/elements.hr\/shop\/#website","url":"https:\/\/elements.hr\/shop\/","name":"Elements Digital Shop","description":"Elements Digital Shop","publisher":{"@id":"https:\/\/elements.hr\/shop\/#organization"},"potentialAction":[{"@type":"SearchAction","target":{"@type":"EntryPoint","urlTemplate":"https:\/\/elements.hr\/shop\/?s={search_term_string}"},"query-input":"required name=search_term_string"}],"inLanguage":"hr"},{"@type":"ImageObject","@id":"https:\/\/elements.hr\/shop\/proizvod\/adobe-illustrator\/#primaryimage","inLanguage":"hr","url":"https:\/\/elements.hr\/shop\/wp-content\/uploads\/2022\/12\/adobe-2023-illustrator.png","contentUrl":"https:\/\/elements.hr\/shop\/wp-content\/uploads\/2022\/12\/adobe-2023-illustrator.png","width":500,"height":500},{"@type":"WebPage","@id":"https:\/\/elements.hr\/shop\/proizvod\/adobe-illustrator\/#webpage","url":"https:\/\/elements.hr\/shop\/proizvod\/adobe-illustrator\/","name":"Adobe Illustrator - 472 EUR\/godi\u0161nje - Elements Digital Shop","isPartOf":{"@id":"https:\/\/elements.hr\/shop\/#website"},"primaryImageOfPage":{"@id":"https:\/\/elements.hr\/shop\/proizvod\/adobe-illustrator\/#primaryimage"},"datePublished":"2019-08-14T21:45:46+00:00","dateModified":"2023-11-04T06:50:42+00:00","description":"Uz Illustrator kreirajte vrhunske ilustracije, tipografiju, od loga i marketin\u0161kih materijala, do grafika za web i video.","breadcrumb":{"@id":"https:\/\/elements.hr\/shop\/proizvod\/adobe-illustrator\/#breadcrumb"},"inLanguage":"hr","potentialAction":[{"@type":"ReadAction","target":["https:\/\/elements.hr\/shop\/proizvod\/adobe-illustrator\/"]}]},{"@type":"BreadcrumbList","@id":"https:\/\/elements.hr\/shop\/proizvod\/adobe-illustrator\/#breadcrumb","itemListElement":[{"@type":"ListItem","position":1,"name":"Home","item":"https:\/\/elements.hr\/shop\/"},{"@type":"ListItem","position":2,"name":"Shop","item":"https:\/\/elements.hr\/shop\/shop\/"},{"@type":"ListItem","position":3,"name":"Adobe Illustrator"}]}]}},"_links":{"self":[{"href":"https:\/\/elements.hr\/shop\/wp-json\/wp\/v2\/product\/50","targetHints":{"allow":["GET"]}}],"collection":[{"href":"https:\/\/elements.hr\/shop\/wp-json\/wp\/v2\/product"}],"about":[{"href":"https:\/\/elements.hr\/shop\/wp-json\/wp\/v2\/types\/product"}],"wp:featuredmedia":[{"embeddable":true,"href":"https:\/\/elements.hr\/shop\/wp-json\/wp\/v2\/media\/4349"}],"wp:attachment":[{"href":"https:\/\/elements.hr\/shop\/wp-json\/wp\/v2\/media?parent=50"}],"wp:term":[{"taxonomy":"product_cat","embeddable":true,"href":"https:\/\/elements.hr\/shop\/wp-json\/wp\/v2\/product_cat?post=50"},{"taxonomy":"product_tag","embeddable":true,"href":"https:\/\/elements.hr\/shop\/wp-json\/wp\/v2\/product_tag?post=50"}],"curies":[{"name":"wp","href":"https:\/\/api.w.org\/{rel}","templated":true}]}}